 r + c - 25. What is the greatest common divisor of d and r?
25
Suppose 3*q + 4*c = 5*q - 34, 4*c + 8 = 0. Let x = q - -6. Calculate the highest common divisor of 19 and x.
19
Suppose -10*g = -3 - 227. Suppose 3*l - 296 = 2*b + 2*b, 3*l - 256 = -4*b. What is the greatest common factor of g and l?
23
Let t(j) = -93*j**3 - j**2 - j. Let h be t(-1). Calculate the highest common divisor of h and 248.
31
Let w(x) = -11*x - 132. Let a be w(-13). Calculate the greatest common divisor of a and 704.
11
Let p be 0 - (-51 + (1 - 2)). Suppose 2*a - a = -2. Let q be a*((-26)/4 + 0). What is the highest common factor of p and q?
13
Let m be ((-75)/9)/((-4)/(-6) + -1). Calculate the highest common divisor of 75 and m.
25
Let z(v) = v**2 - 32*v - 330. Let p be z(47). Calculate the greatest common factor of 300 and p.
75
Let j(x) = -17*x - 272. Let t be j(-26). What is the highest common factor of t and 68?
34
Suppose 0 = 560*w - 556*w + 4*v - 100, 2*w - 4*v - 68 = 0. Suppose -4*h + 457 = 3*s, 0*s - 121 = -h - 3*s. Calculate the highest common factor of h and w.
28
Suppose o = 6*o - 20, -3*c + 470 = 5*o. Let v = -25 - -55. Calculate the highest common factor of c and v.
30
Let z = 11 - 6. Suppose -4*c = 5*g - 73, g - z = -0*g + 4*c. Calculate the greatest common factor of g and 13.
13
Let w = -10 + 20. Suppose 205*b - 75 = -5*f + 210*b, -5*f + 2*b = -75. Calculate the greatest common factor of w and f.
5
Let v be 10/(-4)*30/(-25). Suppose -v*z + 5 = 2*z. Calculate the highest common factor of z and 11.
1
Let i be (-4)/26 - (-6)/39 - -2. Suppose i*k = -5*m + 102 + 98, -4*m + 534 = 5*k. Calculate the greatest common factor of k and 10.
10
Let t be (-6)/(-15) - 1188/(-5). What is the greatest common factor of 68 and t?
34
Let f(s) = s**3 - 5*s**2 - s + 4. Let p be f(5). Let y = 407 - 408. Let i be ((p + -2)/y)/3. Calculate the highest common divisor of 5 and i.
1
Let q = -88 - -136. Let w(n) = 4*n - 3. Let y be w(2). Suppose y*c - 3*g - 18 = -0, -2*c + 4 = -2*g. What is the highest common divisor of q and c?
6
Let v be (-119)/6 + (-1)/6. Let f = v - -7. Let y = 32 + f. What is the highest common divisor of 38 and y?
19
Let r(q) = 4*q. Let t be r(-2). Let f(n) = -n**3 - 7*n**2 + 11*n + 12. Let l be f(t). Let o be l*(-4)/8 - -4. What is the greatest common factor of o and 15?
5
Let c be (0 + 8 - 0)/2. Suppose j + 3 = 0, 2*u + 1 = -j - c*j. What is the greatest common divisor of u and 56?
7
Suppose 332 = 10*j - 278. Calculate the highest common factor of j and 1.
1
Let r be ((-12)/(-5))/((-6)/40). Let z = r + -2. Let o be (-10)/(z/(-21) - 1). What is the highest common factor of 28 and o?
14
Let d = 84 + -69. Let c be (-1 - (1 + -2))/2. Suppose -3*m - 2*x + 129 = c, -m - 2*x - x = -36. Calculate the highest common divisor of d and m.
15
Suppose 5*y - 189 + 69 = 0. Suppose 27 = -3*v - y. Let p = v - -22. What is the highest common factor of 35 and p?
5
Let k = -3 - -4. Let f be ((-2860)/77)/((-2)/7). Let u be ((-546)/f)/(k/(-25)). Calculate the greatest common divisor of 21 and u.
21
Let x = 359 - 109. What is the greatest common divisor of 50 and x?
50
Let z(k) = 2*k**3 - 4*k**2 + 2*k - 4. Let p be z(3). Let t = 3448 + -3418. Calculate the highest common factor of t and p.
10
Let g(v) = -3*v**2 - 10*v + 12. Let i be g(3). Let w be ((-5)/(i/(-6)))/((-10)/15). Calculate the greatest common factor of w and 19.
1
Suppose -5*d + 2*b + 144 = -0*d, 5*b - 45 = -d. Let q = d - 6. What is the greatest common divisor of 12 and q?
12
Suppose -i - h = -22, -3*i = -2*h - 0*h - 51. Suppose c = 47 + 60. Let l = -50 + c. What is the greatest common factor of i and l?
19
Suppose -32*g + 7752 = -20*g. Calculate the greatest common divisor of 34 and g.
34
Let a(k) = -3*k + 12. Let z be 2 + (0 - 3) + -5. Let j be a(z). Calculate the greatest common factor of 75 and j.
15
Suppose 122 = 3*o + 68. What is the highest common factor of 258 and o?
6
Let f be 146 + 3*(-28)/(-21). What is the greatest common factor of 30 and f?
30
Let a(c) = -73*c**3 - 4*c**2 - 5*c - 2. Let x be a(-1). What is the highest common divisor of 3672 and x?
72
Let h = -30 - -22. Let w be 1 + -7*h/4. Calculate the greatest common divisor of w and 10.
5
Suppose -77 = 2*z - 3*w, 3*z + 118 = -w - 3. Let r = 76 + z. Calculate the greatest common factor of 18 and r.
18
Let x = 0 - -2. Suppose -18 = v - x*v. Let k(p) = 113*p - 1158. Let h be k(12). Calculate the highest common factor of v and h.
18
Suppose -k - 176 = -4*s, -3*k - 9 + 40 = s. What is the highest common factor of s and 3?
1
Let h be 22/6 + (-1)/(-3). Suppose 216 = 4*r + 40. What is the highest common divisor of r and h?
4
Let a = 24 + -22. Suppose u + k - 301 = -4*u, -118 = -2*u + a*k. What is the highest common divisor of 24 and u?
12
Let w = 351 + -207. Suppose -2*p - 1 = -7. Let c be 1 + p/(12/68). Calculate the highest common divisor of c and w.
18
Let b(y) = y**3 - 9*y**2 - 9*y + 8. Let g be b(10). Let u(l) = -l**2 + 8*l - 10. Let n be u(2). What is the highest common factor of g and n?
2
Let m = 12 - 9. Let d = 2 - -3. Suppose 92 = m*h + d*r, 2*r = 3*r - 4. What is the highest common factor of 16 and h?
8
Suppose 0 = 2*j - 0 - 4, -2*j - 38 = -2*k. Let g = -1510 - -1531. Calculate the greatest common divisor of g and k.
21
Suppose -6*a + 38 = 8. Suppose 5*q + 315 + 2 = 3*n, 0 = -a*n + 4*q + 524. Let s = -33 - -46. What is the highest common factor of s and n?
13
Let i be -2 + -2 + 3 + 105. What is the greatest common factor of i and 32?
8
Let k = -1156 + 1642. What is the highest common factor of 54 and k?
54
Suppose 3*d + 2*j = -402, 3*d - 2*j + 85 = -305. Let y = -27 - d. Let s(r) = r**2 - 59*r - 278. Let q be s(-5). What is the greatest common divisor of q and y?
21
Suppose -16 = -3*l - l + 5*u, -5*u - 8 = -2*l. Let o(v) = 2*v - 8 + 9*v - l*v - 7. Let n be o(6). What is the greatest common factor of n and 243?
27
Let s be 15/9 + (-4)/(-12). Suppose -2*b + 40 = -s*x, 5*b - 98 = -3*x + 7*x. Let l be 11/44 - 358/(-8). Calculate the highest common divisor of b and l.
9
Let q be (7*(-2 + 0))/(-2). Let y(l) be the first derivative of l**2/2 + 7*l - 16. Let b be y(q). What is the highest common factor of b and 112?
14
Let i(f) = 13*f + 236. Let z be i(-14). What is the highest common divisor of z and 432?
54
Let o(g) = -g**3 + 2*g**2 + 3*g + 2. Let m be o(3). Suppose -81 = -5*n + m*n. Suppose 3*b = -n + 111. What is the greatest common factor of b and 4?
4
Let w = -29 - -41. Suppose -2*n = 4 - 34. Let l be (n/6)/((-5)/(-120)). Calculate the highest common factor of l and w.
12
Let v(q) = q**2 + 8*q + 5. Let c be 2/8*-10*2. Let o be v(c). Let n = 23 + o. Calculate the highest common factor of n and 117.
13
Let y be -9 + 3*1326/18. What is the highest common factor of y and 4?
4
Let w be (-6 - 0) + 6080/8. Calculate the highest common divisor of 174 and w.
58
Let v = 1 + -5. Let d = -10 - v. Let w(r) = -r**2 - 7*r + 4. Let g be w(d). Calculate the greatest common divisor of g and 2.
2
Let o = 170 - -22. Let m = -80 + o. Let n(v) = -v**3 + 5*v**2 + 8*v + 2. Let p be n(6). Calculate the greatest common factor of p and m.
14
Let d = -538 - -558. Calculate the highest common factor of 320 and d.
20
Let d(h) = 2*h + 508. Let m be d(40). Calculate the highest common factor of 60 and m.
12
Let j(g) = -g + 9. Let u be j(5). Suppose u*d - 372 - 48 = 0. Suppose -2*c - 118 = -5*c + 4*b, -b - 82 = -2*c. Calculate the greatest common divisor of c and d.
21
Let k(j) = 30*j + 99. Let z be k(3). What is the highest common divisor of 3 and z?
3
Suppose -64 = 16*b - 384. What is the greatest common factor of 52 and b?
4
Suppose -12*v + 25 = -7*v. Suppose 58 = v*g + 18. Calculate the greatest common divisor of 12 and g.
4
Suppose 4*q - 380 = -3*a, 2*q - 314 = -q + 5*a. Calculate the highest common divisor of q and 70.
14
Let u be -1*(-1 - (0 - -1)). Let b = -208 + 230. Calculate the highest common factor of u and b.
2
Suppose k = 4*z + 1034, 3*z - 1269 = -3*k + 1893. What is the greatest common factor of 84 and k?
42
Let c be 6/8 - (1300/(-16))/1. Calculate the greatest common divisor of 533 and c.
41
Suppose -1710 = 9*u - 7182. Suppose v - 778 = -4*v + 2*b, 2*b = -4*v + u. Calculate the greatest common factor of 14 and v.
14
Let z = -32 - -33. Let v(o) = o**3 - 6*o**2 + 8*